1594?
True
Does 19 divide 19187?
False
Is 1960 a multiple of 20?
True
Does 164 divide 6753?
False
Does 37 divide 592?
True
Does 27 divide 4698?
True
Does 16 divide 3265?
False
Is 24552 a multiple of 99?
True
Does 5 divide 3702?
False
Does 35 divide 1872?
False
Is 4 a factor of 20?
True
Does 15 divide 45610?
False
Is 68 a factor of 43316?
True
Does 5 divide 111?
False
Is 9288 a multiple of 12?
True
Is 495 a multiple of 45?
True
Is 49 a multiple of 7?
True
Is 7 a factor of 525?
True
Does 69 divide 11543?
False
Is 35360 a multiple of 40?
True
Is 3003 a multiple of 39?
True
Is 205 a factor of 13097?
False
Is 31 a factor of 2663?
False
Is 18 a factor of 288?
True
Is 55 a factor of 3190?
True
Does 10 divide 26450?
True
Does 27 divide 10076?
False
Is 1118 a multiple of 9?
False
Is 7433 a multiple of 12?
False
Is 318 a multiple of 8?
False
Is 1457 a multiple of 31?
True
Is 10195 a multiple of 44?
False
Is 1937 a multiple of 13?
True
Is 2421 a multiple of 126?
False
Does 78 divide 546?
True
Does 137 divide 1233?
True
Is 2093 a multiple of 13?
True
Is 7 a factor of 6951?
True
Is 5352 a multiple of 20?
False
Does 4 divide 280?
True
Does 23 divide 2067?
False
Is 2 a factor of 456?
True
Does 19 divide 4940?
True
Is 39726 a multiple of 70?
False
Does 26 divide 208?
True
Is 2 a factor of 469?
False
Is 8 a factor of 1624?
True
Is 1719 a multiple of 10?
False
Is 61 a factor of 517?
False
Is 51 a factor of 3876?
True
Is 6996 a multiple of 66?
True
Does 73 divide 1387?
True
Is 5 a factor of 345?
True
Is 30 a multiple of 13?
False
Is 8 a factor of 25752?
True
Is 5 a factor of 4333?
False
Is 135 a factor of 9274?
False
Does 59 divide 13456?
False
Is 9520 a multiple of 280?
True
Is 48 a factor of 929?
False
Is 20 a factor of 34860?
True
Is 2115 a multiple of 35?
False
Does 24 divide 379?
False
Does 29 divide 6853?
False
Does 52 divide 572?
True
Is 74 a multiple of 4?
False
Does 9 divide 4086?
True
Does 13 divide 260?
True
Does 19 divide 5054?
True
Is 87 a factor of 34626?
True
Is 16 a factor of 28912?
True
Is 8 a factor of 672?
True
Is 6326 a multiple of 16?
False
Is 1904 a multiple of 56?
True
Is 326 a factor of 29265?
False
Does 72 divide 13993?
False
Is 93 a multiple of 3?
True
Is 56 a factor of 359?
False
Does 9 divide 18?
True
Is 21483 a multiple of 34?
False
Does 6 divide 306?
True
Is 31 a factor of 33139?
True
Does 26 divide 4223?
False
Is 13702 a multiple of 5?
False
Is 171 a factor of 21483?
False
Is 23 a factor of 12259?
True
Does 40 divide 760?
True
Does 9 divide 3195?
True
Does 24 divide 1810?
False
Is 21 a factor of 37128?
True
Is 23 a multiple of 2?
False
Does 15 divide 9510?
True
Is 17856 a multiple of 36?
True
Is 18 a factor of 680?
False
Is 9 a factor of 2583?
True
Does 54 divide 169668?
True
Is 19 a factor of 11069?
False
Is 105 a factor of 42268?
False
Is 15 a factor of 18265?
False
Is 155 a factor of 2021?
False
Is 3571 a multiple of 19?
False
Is 149 a multiple of 5?
False
Is 5 a factor of 7938?
False
Does 101 divide 3323?
False
Does 4 divide 4732?
True
Is 42 a factor of 2036?
False
Is 213 a multiple of 11?
False
Does 286 divide 2913?
False
Is 183 a multiple of 61?
True
Is 181 a multiple of 14?
False
Is 36 a factor of 63684?
True
Does 3 divide 639?
True
Does 91 divide 18018?
True
Is 1539 a multiple of 19?
True
Is 27554 a multiple of 46?
True
Does 12 divide 2701?
False
Does 40 divide 243?
False
Is 9 a factor of 2119?
False
Is 17 a factor of 964?
False
Is 28 a factor of 50736?
True
Is 23204 a multiple of 84?
False
Is 113886 a multiple of 38?
True
Is 15859 a multiple of 4?
False
Does 11 divide 55?
True
Is 29 a factor of 3625?
True
Does 177 divide 19293?
True
Is 392 a multiple of 4?
True
Does 3 divide 361?
False
Does 35 divide 2010?
False
Is 256 a factor of 28687?
False
Is 126 a factor of 3654?
True
Is 80 a factor of 20509?
False
Is 26 a factor of 819?
False
Does 31 divide 206?
False
Is 13 a factor of 1352?
True
Is 52 a factor of 18200?
True
Is 20 a factor of 880?
True
Is 2405 a multiple of 6?
False
Does 7 divide 1827?
True
Does 4 divide 1528?
True
Is 6855 a multiple of 18?
False
Is 10 a factor of 16510?
True
Does 39 divide 4797?
True
Is 17640 a multiple of 58?
False
Does 146 divide 22424?
False
Does 57 divide 5358?
True
Is 3846 a multiple of 74?
False
Does 102 divide 23712?
False
Is 7 a factor of 640?
False
Is 13 a factor of 156?
True
Does 30 divide 1083?
False
Is 1568 a multiple of 179?
False
Is 29184 a multiple of 152?
True
Does 112 divide 11103?
False
Is 54 a factor of 972?
True
Does 115 divide 584?
False
Is 26 a factor of 312?
True
Is 63 a factor of 63?
True
Does 105 divide 63735?
True
Is 62 a factor of 11972?
False
Is 31 a factor of 1152?
False
Is 242 a factor of 16617?
False
Is 330 a multiple of 10?
True
Does 9 divide 15822?
True
Does 4 divide 18992?
True
Is 15 a factor of 1515?
True
Is 2303 a multiple of 8?
False
Is 17 a factor of 4607?
True
Is 167 a factor of 55110?
True
Is 3044 a multiple of 11?
False
Does 9 divide 3768?
False
Is 238 a multiple of 9?
False
Is 55006 a multiple of 147?
False
Does 14 divide 119700?
True
Is 5177 a multiple of 2?
False
Is 90 a factor of 1080?
True
Is 8645 a multiple of 19?
True
Is 278 a multiple of 7?
False
Does 58 divide 754?
True
Is 210 a factor of 21840?
True
Is 7592 a multiple of 52?
True
Is 5 a factor of 57?
False
Is 36 a multiple of 9?
True
Is 3729 a multiple of 113?
True
Is 12 a factor of 6804?
True
Is 88 a factor of 26191?
False
Is 12003 a multiple of 20?
False
Is 42 a factor of 9786?
True
Is 4 a factor of 4567?
False
Does 6 divide 17611?
False
Is 1190 a multiple of 7?
True
Is 28 a factor of 100?
False
Is 14 a factor of 14321?
False
Does 100 divide 836?
False
Does 120 divide 30765?
False
Does 44 divide 81928?
True
Is 4851 a multiple of 21?
True
Is 2245 a multiple of 82?
False
Is 27 a factor of 540?
True
Is 6 a factor of 169?
False
Is 13356 a multiple of 36?
True
Is 1740 a multiple of 199?
False
Is 105 a factor of 11130?
True
Is 2820 a multiple of 25?
False
Does 32 divide 1588?
False
Is 35161 a multiple of 12?
False
Is 14 a factor of 24657?
False
Does 8 divide 2464?
True
Is 14744 a multiple of 22?
False
Is 191 a factor of 6112?
True
Is 7283 a multiple of 86?
False
Is 1758 a multiple of 21?
False
Is 154 a factor of 9698?
False
Does 13 divide 2730?
True
Is 62 a factor of 5580?
True
Is 6 a factor of 1010?
False
Is 25 a factor of 81800?
True
Is 64 a factor of 2107?
False
Is 168 a multiple of 6?
True
Is 1368 a multiple of 12?
True
Is 41 a factor of 2730?
False
Is 115 a factor of 2990?
True
Does 62 divide 910?
False
Does 23 divide 444?
False
Is 65142 a multiple of 13?
False
Does 22 divide 3190?
True
Is 12590 a multiple of 36?
False
Is 193038 a multiple of 540?
False
Is 7 a factor of 1635?
False
Does 16 divide 3200?
True
Is 52 a factor of 149?
False
Does 56 divide 448?
True
Is 92 a factor of 2116?
True
Is 4 a factor of 233?
False
Is 19484 a multiple of 112?
False
Does 49 divide 143?
False
Is 38 a factor of 3184?
False
Is 12 a factor of 1029?
False
Is 1090 a multiple of 6?
False
Is 330 a multiple of 30?
True
Is 22200 a multiple of 200?
True
Is 13 a factor of 5825?
False
Is 59 a factor of 2006?
True
Is 27 a factor of 841?
False
Does 7 divide 371?
True
Is 54 a multiple of 13?
False
Does 4 divide 453?
False
Is 13 a factor of 104?
True
Is 36936 a multiple of 38?
True
Is 229166 a multiple of 14?
True
Does 3 divide 75?
True
Does 36 divide 291?
False
Is 8 a factor of 1464?
True
Is 13 a factor of 6501?
False
Does 10 divide 197?
False
Is 20 a factor of 1436?
False
Does 3 divide 171?
True
Is 46 a factor of 12257?
False
Is 410 a multiple of 10?
True
Is 43 a factor of 3139?
True
Is 510 a multiple of 10?
True
Is 7 a factor of 3004?
False
Is 218 a multiple of 8?
False
Does 20 divide 5940?
True
Is 6562 a multiple of 7?
False
Does 7 divide 1715?
True
Is 1659 a multiple of 25?
False
Is 3888 a multiple of 48?
True
Is 38 a factor of 380?
True
Is 135 a factor of 399?
False
Is 55 a factor of 3320?
False
Is 92636 a multiple of 74?
False
Is 17 a factor of 1173?
True
Does 9 divide 47043?
True
Does 97 divide 8861?
False
Does 6 divide 61426?
False
Is 39 a factor of 195?
True
Is 17600 a multiple of 100?
True
Is 10 a factor of 2132?
False
Is 4554 a multiple of 33?
True
Is 8 a factor of 504?
True
Is 105 a multiple of 7?
True
Does 29 di